alculate the highest common divisor of i and 5.
5
Suppose 0 = -4*k - 4*d + 72, -2*k - d - 1 = -33. What is the greatest common factor of k and 7?
7
Let o be 6/15 - 86/(-10). Suppose 0 = 5*c - 0*c - 4*d - 164, -c + 3*d = -24. What is the highest common factor of o and c?
9
Let w(z) = z**2 - z + 44. Let l be w(0). Suppose h + 28 = 3*h. Suppose -h = -2*q + f - 0, 2*f - l = -4*q. What is the highest common divisor of q and 27?
9
Suppose 3*p - 11 = -4*l, 0 = -5*p + 2*p - 2*l + 13. Let f be 365/10 - 6/4. Calculate the highest common factor of p and f.
5
Suppose 2*o + 12 + 0 = -5*v, 0 = v + 4*o - 12. Let l be -1*8*2/v. Let j = l + 2. What is the greatest common divisor of 18 and j?
6
Let d(s) = -2*s**2 - 5*s - 4. Let g be d(-5). Let p = g - -20. Let w be (-9 - (1 - 3))*p. What is the greatest common divisor of w and 9?
9
Let n be -7*-4*54/14. Let m = 8 - -10. What is the greatest common factor of m and n?
18
Let m = -9 - -21. Let n = 109 - 37. What is the highest common factor of m and n?
12
Suppose 243 = -s + 4*s. Suppose -2*z + 135 = -s. Calculate the greatest common factor of z and 27.
27
Suppose 0 = -h, 0 = y - 0*y - h + 1146. Let u be (-4)/6 + y/(-18). Calculate the greatest common factor of u and 9.
9
Suppose 2*b = -3*b - p + 63, -3*p - 39 = -4*b. Suppose 0 = -0*x + 4*x - 48. Calculate the highest common divisor of x and b.
12
Let c = 20 - 17. Suppose -4*u + 0*m - c*m + 750 = 0, 5*u - m = 947. What is the greatest common divisor of 21 and u?
21
Let y be 9 - ((2 - 2) + 1). Let d = 2 - -2. Let b = y + d. What is the greatest common factor of b and 8?
4
Let b = -13 - -27. Let r(o) = o - 3. Let u be r(5). Suppose -i + 5 + u = 0. Calculate the highest common factor of b and i.
7
Let q(m) = -7*m**3 - m**2 + m + 1. Let a be q(-1). What is the highest common divisor of a and 12?
6
Let s(h) = -h**3 - 8*h**2 + 4*h. Suppose -2*b - 2 = -2*l - 0, 10 = 2*b + l. Suppose 2*o = b*o + 9. Let a be s(o). What is the highest common factor of 18 and a?
9
Let m(k) = -k + 10. Let y be m(6). Suppose -y*o + 236 = r, -r = -o - 9 + 63. Let a = o + 2. Calculate the greatest common factor of a and 24.
12
Let f be 240/36*(-18)/(-10). Calculate the highest common factor of 18 and f.
6
Suppose 2*o + 3*g = 2*g + 88, o - 5*g - 22 = 0. What is the highest common divisor of 14 and o?
14
Suppose 3*w + 5*q - 137 = -w, -w - 5*q = -23. Calculate the highest common factor of 304 and w.
38
Suppose 0 = 14*p - 10*p - 300. Calculate the highest common factor of p and 15.
15
Let s = 250 + -158. Calculate the highest common divisor of 23 and s.
23
Suppose 3 + 83 = r + 4*c, -c = 5*r - 354. Suppose 2*u - r = -3*u. Calculate the greatest common divisor of 126 and u.
14
Let b(l) = l**3 - 7*l**2 - 8*l + 9. Let p be b(8). Suppose 2*w - 47 - 115 = 0. Calculate the greatest common divisor of w and p.
9
Let x be 2 + (0 - -3) + -8. Let t(o) = -2*o - 3. Let u be t(x). What is the highest common divisor of u and 18?
3
Suppose -3*s = 2*s - 15. Suppose -q - j + 18 = -6*j, -4*q + 38 = -s*j. What is the highest common factor of 20 and q?
4
Let l = -1 - -1. Suppose -g + 4*g + 30 = l. Let i be (-17)/(-5) + 4/g. Calculate the greatest common divisor of 27 and i.
3
Suppose -5*m + 4*x = x - 90, -4*m + x = -79. Suppose 0 = 2*l - 9 - m. Let t be 136 - 1 - (1 + -1). Calculate the greatest common divisor of t and l.
15
Let h be (-60)/(-9)*3/2. Suppose -5*m = -h*m. Suppose q - 3*q - 2*j + 72 = m, 2*q - 72 = -5*j. What is the highest common divisor of 9 and q?
9
Let v(c) = -2*c - 33. Let k be v(-24). What is the highest common divisor of k and 15?
15
Let u be 1*2 + -4 + 2. Suppose -j + 34 = -3*w, -4*j + w + 102 + 12 = u. Calculate the greatest common divisor of 7 and j.
7
Suppose -6*k = -k - 10. Suppose -m - 1 + 3 = 0. Let u be ((1 - 4) + 13)/m. What is the greatest common factor of k and u?
1
Suppose 3*z - 6*z - 21 = 0. Let l = 52 + z. What is the greatest common divisor of l and 18?
9
Suppose 4*x = 3 + 1, 0 = 4*v - x - 255. What is the greatest common factor of 96 and v?
32
Suppose 79 = 3*a + 5*d, -3*a + 0*a + 71 = d. Calculate the greatest common divisor of a and 115.
23
Let t be (-6)/(-10) + -1 + 1044/60. What is the highest common factor of 187 and t?
17
Suppose 4*a - 64 = -4*m, -3*a + 2*m + 0*m + 33 = 0. Calculate the highest common factor of a and 13.
13
Let f(u) = -u + 13. Let r be f(13). Suppose r = -b + 5. Suppose -b*h + 135 - 25 = 0. What is the greatest common factor of 33 and h?
11
Let h(s) = 2*s - 6. Let j be h(4). Let o be j/(-3)*15/(-2). Let y be 3770/150 + (-4)/30. What is the greatest common divisor of y and o?
5
Let h be 296/20 + (-1)/(-5). What is the greatest common factor of 3 and h?
3
Suppose -3*g - 2*n = -31, 5*g - 5*n - 38 = 2*g. Calculate the highest common factor of 11 and g.
11
Let y = -35 - -18. Let v = y - -12. Let f = v - -104. What is the highest common divisor of 11 and f?
11
Let t = -33 + 55. Suppose 4 = -2*w + 8. Suppose -1 = w*p + 5*r, -3*p - 3*r + 2 + 1 = 0. What is the greatest common divisor of t and p?
2
Let x be 22 - (-2 - (-2 + 2)). Calculate the highest common factor of x and 3.
3
Let h = -86 + 190. Suppose -x - 2*t = -t - 9, -2*t + 31 = 3*x. Calculate the highest common factor of x and h.
13
Suppose -35 = -4*q + 3*t, -t - 4*t + 11 = 2*q. Let w = q - -27. What is the highest common divisor of w and 7?
7
Let n = -26 - -15. Let f = n + 20. Suppose -8*c + 3*c + 180 = 0. Calculate the highest common factor of f and c.
9
Let g = -8 - -12. Suppose -4*d + 92 = g*h, -h + 2*d + 28 = 4*d. Calculate the highest common divisor of h and 45.
9
Let a be 51/((-4)/(-16)*4). What is the greatest common factor of 51 and a?
51
Let m(x) = -6*x**3 - x**2 - 2*x - 1. Let c be m(-1). What is the highest common divisor of 6 and c?
6
Let z(w) = 2*w**2. Let k be z(-1). Suppose 876 = 5*m - 2*s, -2*m + 708 = 2*m + k*s. Let g = -88 + m. What is the greatest common factor of g and 11?
11
Suppose -4*q = 2*i - 336, -7*i + 5*i = 3*q - 332. Calculate the highest common divisor of 32 and i.
32
Let x = 0 - -45. Suppose -3*a + 2*a = 4*u - 9, 3*u = 4*a - 17. What is the highest common divisor of x and a?
5
Suppose -m + 3*g - 2*g = -50, 0 = 2*m - 4*g - 104. Let f = m + -34. Calculate the highest common factor of 28 and f.
14
Suppose 0 = -2*j + 4*j. Suppose 32 = 4*c - j*c. What is the greatest common factor of 8 and c?
8
Let c be 1/((-6)/(-54)*(-1 + 2)). Calculate the highest common divisor of 36 and c.
9
Let i = 20 + 8. Calculate the greatest common factor of 4 and i.
4
Suppose 3*d + 22 + 20 = 0. Let v be -1 - (-3)/(-6)*d. Let b be -15*-2*3/v. What is the greatest common factor of b and 60?
15
Suppose 3*f + 18 = -0*f - 4*j, 5*f = 3*j - 1. Let h be -1 + f + -1 + 15. What is the highest common divisor of 121 and h?
11
Let r be -2*1*((-189)/(-6))/(-9). Calculate the greatest common factor of 56 and r.
7
Suppose 3*n = 0, -n - 36 + 15 = -3*i. Calculate the greatest common divisor of i and 1.
1
Let b = 25 + -7. Calculate the highest common factor of b and 45.
9
Suppose i - 88 = -5*w, 0*i + 3*w = -2*i + 176. Let h = -35 - -49. Suppose 4*z - 18 - h = 0. Calculate the greatest common divisor of z and i.
8
Suppose -2*g + 1 = -4*p + 7, -3*g + 27 = 3*p. Suppose w + 0*w + g*h = 24, 4*h = w - 60. Calculate the highest common divisor of w and 4.
4
Let q be (3/2)/((-3)/8). Let r be 2/(-4)*1*q. Let z be 0 + 8 + r/(-2). Calculate the highest common factor of z and 49.
7
Suppose 5*i + a - 2790 = 6*a, -i + 562 = -5*a. Let o = i - 260. What is the highest common divisor of 27 and o?
27
Let n(y) = -3*y + 1. Let v be n(-2). Suppose 2*w + v = -5*a, -a + 1 = w - 0*w. Suppose w*q - 5*q + 50 = 0. What is the greatest common divisor of q and 10?
10
Let v be (3 - 2)/1 - 6. Let y = v + 8. What is the greatest common factor of y and 9?
3
Let p = 51 - 7. Suppose -6*k + 10 = -p. Calculate the greatest common divisor of k and 3.
3
Let z = 6 + -60. Let k = 104 + z. What is the highest common factor of k and 5?
5
Let o be 272/72 - (-2)/9. Suppose -4 + 44 = 4*m. Calculate the highest common divisor of m and o.
2
Let x be -5 - -4 - (-5 - -1). Suppose x*n - 4*n = -80. Suppose -2*v = 8, v + 132 = -0*r + 4*r. What is the highest common factor of r and n?
16
Suppose 3*f - 2*t = -f + 8, 19 = 5*f + 2*t. Suppose 0 = 2*q + m - 82, f*q - 112 = -0*m + 4*m. W